MONTHLY CLIMATOLOGICAL SUMMARY for NOV. 2019

NAME: Meteo Sant Angelo   CITY: Sant Angelo di Sala (VE) STATE: Italy
ELEV: 13 m s.l.m. LAT: 45.51 LONG: 12.04

                            TEMPERATURE ( C), RAIN (mm), WIND SPEED (kmh)

                                               HEAT     COOL           AVG
      MEAN                                     DEG      DEG            WIND                       DOM
DAY   TEMP    HIGH   TIME     LOW    TIME      DAYS     DAYS    RAIN   SPEED    HIGH    TIME      DIR
--------------------------------------------------------------------------------------------------------
01    10.0    14.8   13:57    04.5   07:27     08.3     00.0    00.0   01.8     14.8    12:52      NE
02    10.2    10.8   16:10    09.7   07:29     08.1     00.0    09.9   01.7     16.6    20:02      NE
03    12.8    15.2   15:04    10.5   00:08     05.5     00.0    18.3   03.6     25.9    15:21      NE
04    12.9    16.8   12:45    10.7   03:00     05.4     00.0    00.0   04.7     25.9    04:11      N 
05    13.7    17.6   13:33    12.0   04:49     04.6     00.0    05.6   03.5     18.5    03:34     WSW
06    10.8    13.8   15:12    08.1   00:00     07.5     00.0    01.3   02.1     20.4    20:47      NE
07    10.2    15.3   13:28    05.8   07:51     08.1     00.0    00.0   02.3     18.5    23:57      SW
08    10.4    11.8   14:14    09.3   00:00     07.9     00.0    19.3   07.4     29.6    05:41      NE
09    09.8    14.1   14:19    05.3   00:00     08.5     00.0    04.3   03.3     18.5    12:21      W 
10    07.7    15.1   14:22    03.2   07:51     10.6     00.0    00.3   01.3     12.9    12:54     WNW
11    07.8    10.3   13:28    04.1   04:21     10.5     00.0    02.3   05.3     27.8    14:22      NE
12    10.9    12.4   16:22    09.8   00:00     07.4     00.0    37.6   14.3     64.8    23:15      NE
13    08.9    12.4   15:36    05.0   00:00     09.4     00.0    05.6   03.3     20.4    08:06     WNW
14    08.4    13.9   14:08    02.5   07:56     09.9     00.0    01.5   05.4     24.1    13:50      NE
15    11.2    15.3   12:19    07.5   00:00     07.1     00.0    24.9   10.4     48.1    17:47      E 
16    09.6    12.8   13:39    05.7   03:03     08.7     00.0    03.0   02.9     33.3    23:50     NNE
17    11.4    15.2   14:06    07.3   00:00     06.9     00.0    15.7   08.0     35.1    02:05     ENE
18    07.9    13.0   13:59    02.2   07:08     10.4     00.0    12.7   03.6     31.4    23:57      NE
19    10.4    11.9   13:55    08.6   02:02     07.9     00.0    03.0   10.4     27.8    13:26      NE
--------------------------------------------------------------------------------------------------------
10.3 (10.4)   17.6  day 05     02.2  day 18   152.8    000.0   165.4   05.0     64.8   day 12      NE
Min <=   30: 19
Max Rain: 37.6 ON 12-11-19
Days of Rain: 16 (> .2mm) 13 (> 2mm) 2 (> 20mm)