MONTHLY CLIMATOLOGICAL SUMMARY for JAN. 2019

NAME: Meteo Sant Angelo   CITY: Sant Angelo di Sala (VE) STATE: Italy
ELEV: 13 m s.l.m. LAT: 45.51 LONG: 12.04

                            TEMPERATURE ( C), RAIN (mm), WIND SPEED (kmh)

                                               HEAT     COOL           AVG
      MEAN                                     DEG      DEG            WIND                       DOM
DAY   TEMP    HIGH   TIME     LOW    TIME      DAYS     DAYS    RAIN   SPEED    HIGH    TIME      DIR
--------------------------------------------------------------------------------------------------------
01    03.3    06.2   14:19    01.0   17:27     15.0     00.0    00.0   01.9     14.8    21:42     WNW
02    02.1    11.4   14:21   -02.4   08:58     16.2     00.0    00.0   04.8     24.1    15:56     NNW
03   -00.8    06.7   14:29   -05.2   08:11     19.1     00.0    00.0   02.4     18.5    14:17     WSW
04   -01.6    05.3   15:55   -06.9   07:14     19.9     00.0    00.0   02.4     18.5    14:17     SSW
05   -02.0    02.7   14:56   -04.8   05:41     20.3     00.0    00.0   01.0     11.1    21:27      NW
06   -01.3    06.3   14:58   -06.1   07:23     19.6     00.0    00.0   01.3     12.9    20:30      NW
07    02.9    07.4   13:36   -02.6   00:59     15.4     00.0    00.0   03.1     18.5    03:11     ENE
08    01.8    05.3   13:46   -01.4   23:54     16.5     00.0    00.0   01.8     14.8    01:30     NNW
09   -01.7   -00.1   16:23   -04.6   06:47     20.0     00.0    00.0   03.1     18.5    08:19      W 
10    00.7    08.5   15:12   -03.3   08:16     17.6     00.0    00.3   00.8     14.8    08:15      W 
11    00.2    07.2   14:05   -04.3   08:32     18.1     00.0    00.0   01.6     18.5    14:37     ESE
12    00.1    04.7   13:52   -03.5   07:40     18.2     00.0    00.0   01.1     14.8    13:06      N 
13    01.2    07.2   15:11   -02.4   08:25     17.1     00.0    00.0   02.2     14.8    13:15      W 
14    04.1    10.9   14:25   -02.9   05:50     14.2     00.0    00.0   08.8     48.1    21:51      NW
15    05.4    11.3   13:24   -00.7   22:40     12.9     00.0    00.0   05.1     33.3    00:45     NNE
16    02.4    09.6   14:43   -03.0   07:47     15.9     00.0    00.0   01.2     11.1    12:59     WNW
--------------------------------------------------------------------------------------------------------
01.0 (1.8)   11.4  day 02    -06.9  day 04   276.1    000.0   000.3   02.7     48.1   day 14      NW
Max <=   0: 1
Min <=   30: 16
Min <=  -5: 3
Max Rain: 0.3 ON 10-01-19
Days of Rain: 1 (> .2mm) 0 (> 2mm) 0 (> 20mm)