MONTHLY CLIMATOLOGICAL SUMMARY for MAR. 2019

NAME: Meteo Sant Angelo   CITY: Sant Angelo di Sala (VE) STATE: Italy
ELEV: 13 m s.l.m. LAT: 45.51 LONG: 12.04

                            TEMPERATURE ( C), RAIN (mm), WIND SPEED (kmh)

                                               HEAT     COOL           AVG
      MEAN                                     DEG      DEG            WIND                       DOM
DAY   TEMP    HIGH   TIME     LOW    TIME      DAYS     DAYS    RAIN   SPEED    HIGH    TIME      DIR
--------------------------------------------------------------------------------------------------------
01    08.1    13.8   14:38    03.2   00:49     10.2     00.0    00.0   04.0     27.8    15:11      NE
02    08.1    16.8   14:54    00.7   05:30     10.2     00.0    00.3   03.0     16.6    16:42     ESE
03    08.7    17.1   15:10    01.0   06:26     09.6     00.0    00.0   02.6     18.5    13:36     SSW
04    07.6    12.6   15:38    03.4   00:00     10.7     00.0    04.1   04.8     25.9    19:49      NE
05    07.9    15.6   15:12    02.6   01:14     10.4     00.0    00.0   04.1     18.5    23:55      E 
06    09.7    16.2   15:16    05.0   02:30     08.6     00.0    00.3   04.5     18.5    17:44     ENE
07    10.4    17.2   14:01    06.0   23:59     07.9     00.0    00.0   05.9     25.9    10:21     ENE
08    10.6    18.8   15:16    05.7   01:47     07.7     00.0    00.3   05.2     33.3    13:46     WSW
09    10.9    18.3   15:35    04.1   07:00     07.4     00.0    00.0   06.2     33.3    14:25     WSW
10    09.3    15.1   15:26    03.4   03:55     09.0     00.0    00.0   03.0     20.4    16:54      NE
11    09.8    16.8   12:34    03.6   22:54     08.5     00.0    00.0   05.4     70.3    14:48     NNW
12    09.5    16.6   14:34    00.9   02:08     08.8     00.0    00.0   09.4     31.4    05:40     WSW
13    05.7    11.3   16:38    00.3   06:46     12.6     00.0    00.0   04.2     22.2    09:42     SSE
14    06.3    13.5   13:33   -00.7   02:43     12.0     00.0    00.0   04.6     22.2    12:17     WSW
15    07.9    15.9   14:15    00.7   07:02     10.4     00.0    00.0   03.3     18.5    17:25     ENE
16    09.4    17.2   14:53    02.0   05:51     08.9     00.0    00.0   02.7     16.6    21:56     ENE
17    11.1    16.6   13:22    05.6   05:54     07.2     00.0    00.0   04.1     24.1    10:31      NE
18    08.1    11.2   00:52    04.1   23:57     10.2     00.0    03.6   10.5     42.5    16:11      NE
19    07.7    13.5   13:55    03.2   01:41     10.6     00.0    00.0   07.6     33.3    11:19     ENE
20    08.3    14.2   15:28    02.3   06:37     10.0     00.0    00.0   09.3     29.6    11:09     ENE
21    08.9    16.8   15:50    02.4   06:59     09.4     00.0    00.0   06.3     31.4    11:49      NE
22    10.5    19.8   15:54    00.7   05:53     07.8     00.0    00.0   03.1     24.1    13:56     NNW
23    12.9    22.5   15:15    03.1   05:53     05.4     00.0    00.0   03.7     18.5    11:26     ENE
24    14.5    24.3   15:20    05.6   06:34     03.8     00.0    00.0   04.4     22.2    15:26     SSW
--------------------------------------------------------------------------------------------------------
09.2 (9.6)   24.3  day 24    -00.7  day 14   217.5    000.0   008.4   05.1     70.3   day 11      NE
Min <=   30: 24
Max Rain: 4.1 ON 4-03-19
Days of Rain: 5 (> .2mm) 2 (> 2mm) 0 (> 20mm)