MONTHLY CLIMATOLOGICAL SUMMARY for JUN. 2022

NAME: Meteo Sant Angelo   CITY: Sant Angelo di Sala (VE) STATE: Italy
ELEV: 13 m s.l.m. LAT: 45.51 LONG: 12.04

                            TEMPERATURE ( C), RAIN (mm), WIND SPEED (kmh)

                                               HEAT     COOL           AVG
      MEAN                                     DEG      DEG            WIND                       DOM
DAY   TEMP    HIGH   TIME     LOW    TIME      DAYS     DAYS    RAIN   SPEED    HIGH    TIME      DIR
--------------------------------------------------------------------------------------------------------
01    22.1    28.1   15:59    15.8   04:17     00.0     03.8    00.0   02.0     25.9    17:50     SSE
02    23.7    29.2   15:07    18.1   03:12     00.0     05.4    00.0   01.8     22.2    15:55      SE
03    23.5    28.8   13:40    18.9   05:32     00.0     05.2    01.2   00.7     16.6    08:32     ENE
04    24.1    31.9   15:41    17.9   06:05     00.0     05.8    00.0   02.3     29.6    17:29     SSE
05    24.9    31.5   13:31    19.3   05:49     00.0     06.6    00.0   02.9     59.2    20:17      E 
06    23.8    30.7   16:42    15.6   04:07     00.0     05.5    00.0   01.5     29.6    15:29      S 
07    20.8    27.6   15:27    16.8   23:40     00.0     02.5    06.6   03.4     38.9    16:35      N 
08    21.5    27.4   14:43    14.2   05:45     00.0     03.2    00.6   02.3     25.9    17:09      S 
09    19.2    22.5   15:04    16.6   06:35     00.0     00.9    02.6   03.0     31.4    11:12      N 
10    21.6    29.9   16:25    13.3   06:16     00.0     03.3    00.2   00.3     11.1    17:03     WSW
11    23.6    31.3   16:23    14.7   05:43     00.0     05.3    00.0   01.2     20.4    17:32      SW
12    24.7    31.4   14:56    16.1   05:52     00.0     06.4    00.0   02.9     27.8    17:51     SSE
13    23.8    30.9   13:28    16.7   04:51     00.0     05.5    00.0   01.7     25.9    15:09     ESE
14    24.3    30.1   16:13    18.6   03:45     00.0     06.0    00.0   03.5     25.9    10:28     ESE
15    23.9    30.3   14:18    17.1   03:51     00.0     05.6    00.0   02.1     22.2    15:11      SE
16    25.0    32.3   15:22    17.7   05:55     00.0     06.7    00.0   01.7     24.1    17:21     SSE
17    26.3    32.6   15:40    18.4   05:45     00.0     08.0    00.0   02.2     25.9    18:12      SE
18    26.1    31.2   16:27    19.6   05:21     00.0     07.8    00.0   02.6     24.1    18:05     SSE
19    25.2    32.6   14:01    17.4   05:43     00.0     06.9    00.0   02.5     29.6    17:47     SSE
20    25.3    32.8   14:35    17.6   05:20     00.0     07.0    00.0   03.0     33.3    17:50      SE
21    26.5    33.3   15:23    19.4   05:35     00.0     08.2    00.0   02.1     29.6    16:26      SE
22    25.5    30.6   16:19    21.1   06:24     00.0     07.2    00.2   02.0     27.8    17:40      E 
23    26.2    33.6   15:24    18.4   05:06     00.0     07.9    00.0   02.8     25.9    17:42     WSW
24    25.8    32.8   16:53    18.4   05:28     00.0     07.5    00.0   04.8     31.4    19:24      SW
25    26.2    32.7   16:05    17.6   06:06     00.0     07.9    00.0   03.7     33.3    16:42     WSW
--------------------------------------------------------------------------------------------------------
24.1 (24.0)   33.6  day 23     13.3  day 10   000.0    145.7   011.4   02.4     59.2   day 05     SSE
Max >=  30: 18
Min <=   30: 25
Max Rain: 6.6 ON 7-06-22
Days of Rain: 6 (> .2mm) 2 (> 2mm) 0 (> 20mm)