MONTHLY CLIMATOLOGICAL SUMMARY for APR. 2024

NAME: Meteo Sant Angelo   CITY: Sant Angelo di Sala (VE) STATE: Italy
ELEV: 13 m s.l.m. LAT: 45.51 LONG: 12.04

                            TEMPERATURE ( C), RAIN (mm), WIND SPEED (kmh)

                                               HEAT     COOL           AVG
      MEAN                                     DEG      DEG            WIND                       DOM
DAY   TEMP    HIGH   TIME     LOW    TIME      DAYS     DAYS    RAIN   SPEED    HIGH    TIME      DIR
--------------------------------------------------------------------------------------------------------
01    14.2    15.1   12:06    10.9   00:00     04.1     00.0    07.2   02.7     25.9    01:55     ENE
02    12.8    20.7   16:59    05.1   07:18     05.5     00.0    00.0   02.7     29.6    17:42      W 
03    12.3    18.6   16:24    07.5   03:22     06.0     00.0    00.0   01.7     22.2    16:28     WSW
04    14.1    20.9   17:39    06.2   06:45     04.2     00.0    00.0   02.1     18.5    23:47      SW
05    15.5    22.4   16:55    09.3   04:42     02.8     00.0    00.0   01.7     29.6    13:59      SW
06    16.5    23.9   16:40    10.0   04:55     01.8     00.0    00.0   00.9     16.6    18:16     SSW
07    16.3    24.3   16:30    09.6   05:59     02.0     00.0    00.0   00.3     11.1    14:50      NE
08    17.1    24.1   13:31    10.7   06:11     01.2     00.0    00.0   01.2     18.5    13:48     SSE
09    17.2    22.9   14:17    12.0   03:10     01.1     00.0    00.0   02.8     20.4    13:36      E 
10    16.8    20.3   13:09    14.9   23:45     01.5     00.0    01.0   05.6     37.0    03:11      NE
11    17.7    24.2   15:26    11.3   07:21     00.6     00.0    00.0   00.7     18.5    10:22     NNE
12    19.0    26.8   16:24    11.4   06:47     00.0     00.7    00.0   01.2     18.5    12:20      NE
13    20.4    28.6   16:20    11.9   06:33     00.0     02.1    00.0   01.1     18.5    15:23     WSW
14    20.4    29.3   15:38    12.5   06:44     00.0     02.1    00.0   01.8     24.1    15:55     SSW
15    19.9    27.2   15:11    12.7   06:05     00.0     01.6    00.0   04.7     40.7    15:25     WSW
16    14.4    24.4   14:30    07.4   00:00     03.9     00.0    00.0   07.2     48.1    17:52     ENE
17    10.3    18.0   13:11    03.6   05:48     08.0     00.0    01.8   04.1     50.0    19:51     NNW
18    10.5    15.1   12:39    06.6   23:42     07.8     00.0    00.4   04.1     37.0    13:14     NNE
19    10.8    18.1   17:00    02.6   06:39     07.5     00.0    00.0   03.7     31.4    16:19      SW
20    10.7    20.2   13:49    04.9   06:15     07.6     00.0    03.2   03.8     53.6    14:23     ENE
--------------------------------------------------------------------------------------------------------
15.3 (15.7)   29.3  day 14     02.6  day 19   065.8    006.5   013.6   02.7     53.7   day 17      NE
Min <=   30: 20
Max Rain: 7.2 ON 1-04-24
Days of Rain: 5 (> .2mm) 2 (> 2mm) 0 (> 20mm)