MONTHLY CLIMATOLOGICAL SUMMARY for MAY. 2019

NAME: Meteo Sant Angelo   CITY: Sant Angelo di Sala (VE) STATE: Italy
ELEV: 13 m s.l.m. LAT: 45.51 LONG: 12.04

                            TEMPERATURE ( C), RAIN (mm), WIND SPEED (kmh)

                                               HEAT     COOL           AVG
      MEAN                                     DEG      DEG            WIND                       DOM
DAY   TEMP    HIGH   TIME     LOW    TIME      DAYS     DAYS    RAIN   SPEED    HIGH    TIME      DIR
--------------------------------------------------------------------------------------------------------
01    15.4    22.6   15:42    08.7   06:40     02.9     00.0    00.0   04.9     27.8    14:31     SSW
02    15.8    22.9   14:12    09.3   06:41     02.5     00.0    00.0   04.1     25.9    17:49      SE
03    14.6    19.2   12:59    11.9   06:31     03.7     00.0    04.3   04.8     25.9    14:16      SW
04    13.2    16.2   12:13    11.4   06:15     05.1     00.0    08.9   05.4     24.1    15:19      E 
05    09.0    12.1   03:54    07.4   23:47     09.3     00.0    25.9   13.1     51.8    10:58      NE
06    11.7    17.7   15:40    07.1   05:14     06.6     00.0    01.0   06.4     22.2    15:03     WSW
07    11.7    16.2   16:05    07.0   04:59     06.6     00.0    00.0   04.7     25.9    17:10     ESE
08    12.5    16.4   12:37    09.3   05:36     05.8     00.0    06.6   03.2     20.4    09:41     ENE
09    13.7    20.1   17:46    10.7   07:57     04.6     00.0    15.7   04.4     22.2    15:57     ENE
10    15.8    20.8   16:36    11.2   03:26     02.5     00.0    00.0   04.5     24.1    13:31      SE
11    15.9    20.4   15:59    10.7   23:36     02.4     00.0    13.2   06.5     42.5    22:48     ENE
12    11.8    13.2   14:40    10.5   08:19     06.5     00.0    26.9   08.6     37.0    00:41     NNE
13    13.9    18.4   15:55    11.3   07:12     04.4     00.0    03.8   03.0     27.8    14:39      NE
14    12.4    15.1   13:28    07.6   00:00     05.9     00.0    00.3   04.9     37.0    14:21      SE
15    10.6    16.2   17:53    07.4   00:38     07.7     00.0    00.8   03.1     20.4    13:56     WNW
16    13.8    20.4   15:08    07.6   05:12     04.5     00.0    00.0   02.5     18.5    17:34     SSW
17    14.7    19.9   16:31    09.3   06:50     03.6     00.0    00.0   04.2     24.1    13:11     ESE
18    13.1    14.8   11:08    12.1   06:42     05.2     00.0    29.5   08.0     33.3    19:17      NE
19    14.0    16.7   16:10    13.0   07:20     04.3     00.0    35.1   08.1     31.4    01:19     ENE
20    15.0    17.9   12:34    13.2   06:16     03.3     00.0    04.6   07.4     31.4    12:34      SW
21    15.7    19.5   17:09    12.9   06:29     02.6     00.0    00.5   03.9     18.5    19:25      E 
22    17.7    22.8   14:13    14.2   05:50     00.6     00.0    00.0   02.1     20.4    18:31      E 
23    19.2    25.1   17:15    15.0   06:53     00.0     00.9    00.0   03.3     20.4    15:13     SSE
24    20.1    25.8   15:30    15.7   06:22     00.0     01.8    00.8   03.5     24.1    15:36     SSE
25    19.3    23.9   12:52    16.1   04:59     00.0     01.0    00.0   02.9     22.2    13:33      E 
--------------------------------------------------------------------------------------------------------
14.4 (14.9)   25.8  day 24     07.0  day 07   100.6    003.7   177.8   05.1     51.8   day 05     ENE
Min <=   30: 25
Max Rain: 35.1 ON 19-05-19
Days of Rain: 16 (> .2mm) 11 (> 2mm) 4 (> 20mm)