MONTHLY CLIMATOLOGICAL SUMMARY for AUG. 2019

NAME: Meteo Sant Angelo   CITY: Sant Angelo di Sala (VE) STATE: Italy
ELEV: 13 m s.l.m. LAT: 45.51 LONG: 12.04

                            TEMPERATURE ( C), RAIN (mm), WIND SPEED (kmh)

                                               HEAT     COOL           AVG
      MEAN                                     DEG      DEG            WIND                       DOM
DAY   TEMP    HIGH   TIME     LOW    TIME      DAYS     DAYS    RAIN   SPEED    HIGH    TIME      DIR
--------------------------------------------------------------------------------------------------------
01    25.4    31.3   16:22    19.6   06:34     00.0     07.1    00.0   02.1     16.6    17:31      E 
02    22.2    25.3   13:26    19.0   23:57     00.0     03.9    13.0   06.7     42.5    10:24      NE
03    22.8    29.4   17:47    16.1   06:51     00.0     04.5    00.3   03.7     24.1    15:16      SW
04    23.5    28.9   16:24    17.2   05:47     00.0     05.2    00.0   02.9     20.4    01:43     ESE
05    24.5    29.8   16:15    19.2   06:50     00.0     06.2    00.0   01.9     18.5    19:22     ESE
06    24.7    29.8   16:00    19.4   06:19     00.0     06.4    11.4   03.7     38.9    22:51      E 
07    23.4    28.6   15:14    18.5   07:00     00.0     05.1    15.2   03.2     20.4    00:07     ENE
08    24.8    31.0   17:29    19.4   06:25     00.0     06.5    02.3   03.1     27.8    20:57      N 
09    25.7    31.9   17:10    20.1   06:46     00.0     07.4    00.0   01.7     14.8    18:40      E 
10    26.6    31.3   13:46    21.9   06:50     00.0     08.3    00.0   02.7     18.5    18:35     SSE
11    26.9    32.5   16:03    22.2   06:46     00.0     08.6    00.0   02.5     18.5    17:20      E 
12    26.0    31.7   14:18    21.3   06:26     00.0     07.7    00.5   02.5     29.6    21:28     NNE
13    24.7    31.7   14:59    19.5   06:25     00.0     06.4    01.3   02.5     31.4    19:33     ENE
14    22.8    26.7   13:28    18.7   00:00     00.0     04.5    01.5   05.7     31.4    05:01     ENE
15    22.3    28.2   16:10    15.3   06:58     00.0     04.0    00.0   02.9     18.5    18:17     ESE
16    21.3    28.3   16:21    15.4   05:34     00.0     03.0    11.4   03.3     55.5    00:38      N 
17    21.7    28.8   16:38    15.0   06:52     00.0     03.4    00.0   01.9     16.6    19:07     SSE
18    23.1    29.7   15:26    17.3   06:51     00.0     04.8    00.0   02.2     18.5    18:08     ESE
19    24.2    30.8   15:59    18.4   07:00     00.0     05.9    00.0   01.7     22.2    14:50     ESE
--------------------------------------------------------------------------------------------------------
24.0 (24.2)   32.5  day 11     15.0  day 17   000.0    108.6   057.1   03.0     55.5   day 16      E 
Max >=  30: 8
Min <=   30: 19
Max Rain: 15.2 ON 7-08-19
Days of Rain: 9 (> .2mm) 5 (> 2mm) 0 (> 20mm)